 + 3*a + 15 = l. Calculate the remainder when 17 is divided by a.
2
Suppose 0 = 4*i - 21 - 19. What is the remainder when 36 is divided by i?
6
Let x be 3 + 3 + 40 + -1. Suppose 3*y - 21 = x. What is the remainder when y is divided by 8?
6
What is the remainder when 34*3 - 0*(-4)/20 is divided by 8?
6
Let d(w) = 3*w**3 - 2*w**3 - 5 + 14 - 3*w**2 + 12*w**2 + 9*w. What is the remainder when d(-6) is divided by 32?
31
Suppose 5*m - 2 = -12. Calculate the remainder when 3 is divided by (2 + 3*-1)*m.
1
Suppose -2*h - 15 = 65. Let g = -26 - h. Calculate the remainder when 39 is divided by g.
11
Let h(j) = -j**3 + j + 27. Let q = -17 - -31. Calculate the remainder when h(0) is divided by q.
13
Let p(i) = 7*i + 10. What is the remainder when p(3) is divided by 16?
15
Let a(i) = -i**3 + 5*i**2 + 3*i - 2. What is the remainder when 63 is divided by a(5)?
11
Suppose c + 4*k = 223, -2*c - 2*k = -255 - 167. Suppose 4*j + 2*o = 390, j + j = 3*o + c. Calculate the remainder when j is divided by 25.
24
Let s(g) = -7*g**2 + 2*g - 1. Let k be s(2). Let c = -17 - k. Calculate the remainder when 30*(-1 - 0)/(-2) is divided by c.
7
Calculate the remainder when (2 + -1)/((-3)/(-192)) is divided by 17.
13
Let t(c) = 0 - 39*c - 3 + 3. What is the remainder when t(-1) is divided by 10?
9
Suppose -4*o + 26 = 2. What is the remainder when o is divided by 4?
2
Let l = -6 + -9. Let y be l/(-9) + 3/9. Suppose 0 = f - 4*h - 3, -26 = -3*f - y*h + 25. What is the remainder when 57 is divided by f?
12
Suppose -3*s - s - 16 = 0. Let v = 20 + s. Suppose -r + v = r. What is the remainder when 22 is divided by r?
6
Let g(n) = -5*n - 20. Calculate the remainder when 26 is divided by g(-6).
6
Let l = 10 - 2. Let q be 3/1 + -1 - -2. Suppose -l*w + 75 = -3*w + 3*u, 4*w - 60 = q*u. Calculate the remainder when w is divided by 9.
6
Suppose r - 2*r - 7 = 2*f, -3*r = 3*f + 36. Let h = r + 25. Calculate the remainder when 29 is divided by h.
5
Let d = -21 + 25. Let w(g) = 7*g**2 + 2*g - 2. Let y be w(-3). Suppose 0*l = -5*l + y. Calculate the remainder when l is divided by d.
3
Let l(q) = 2*q**3 - 3*q**2 - 3*q. Suppose -2*y + 79 - 13 = 0. What is the remainder when y is divided by l(3)?
15
Let j be (-6)/(((-18)/4)/(-3)). Calculate the remainder when 5 is divided by (-308)/(-70) + j/10.
1
Suppose -5*i + 44 - 15 = -d, 3*i - 3 = -3*d. Let p(c) = c**3 + 4*c**2 - 7*c - 2. Let r = 2 - 7. Calculate the remainder when p(r) is divided by i.
3
Let w be 5/((-5)/6) + 2. Suppose -5*f - 38 = -108. Calculate the remainder when f is divided by 2/((5/w)/(-5)).
6
Let s(m) = -m**2 - 10*m - 12. Let x be s(-10). Calculate the remainder when 6/x + 102/4 is divided by 9.
7
Suppose -2*x - y = -0*y + 7, -5*x + y - 14 = 0. Calculate the remainder when 1 + -2 + 12/4 is divided by 0 - x - (-2)/(-1).
0
Suppose -126 = -4*v + v. What is the remainder when 123 is divided by v?
39
Let b(a) = -a**2 + 12*a - 3. Calculate the remainder when b(8) is divided by 6.
5
Let n = -1 + 4. Suppose n + 2 = 5*t. Suppose 0 = v - t, 4*z = -5*v + 81. What is the remainder when z is divided by 10?
9
What is the remainder when (-165)/(-22)*1*2 is divided by 4?
3
Suppose -5*k + 36 = 4*x - 104, 10 = x - 5*k. Let u(d) = 7*d - 3. What is the remainder when 18/x + (-771)/(-15) is divided by u(3)?
16
Let u(x) = -2*x**3 - 7*x**2 + 2*x + 5. Let l be 2*(5/(-2) + 0). Suppose 0 = 3*q - 15, 4*q + 21 = 2*v + q. Calculate the remainder when u(l) is divided by v.
16
Let t be 5/((-15)/4)*3. Let n(u) = u**2. What is the remainder when n(2) is divided by (1 - -1) + -3 - t?
1
Let l(a) = -7*a - 19. Calculate the remainder when 43 is divided by l(-6).
20
Calculate the remainder when (5/10)/(3/66) is divided by 3.
2
Let x = 149 - 106. Calculate the remainder when x is divided by 15.
13
What is the remainder when 77 is divided by 6/10 - (-2418)/195?
12
Suppose -m - 28 = -2*h, -13*h = -16*h + 2*m + 42. Suppose 179 - 43 = 3*b - 4*x, 5*x = 5*b - 235. What is the remainder when b is divided by h?
10
Suppose 9 - 3 = 3*g. Let q(v) = -v**3 - 4*v**2 + 5*v + 2. What is the remainder when g is divided by q(-5)?
0
Let d = 38 + 12. Calculate the remainder when d is divided by 13.
11
Suppose -5 = w - 8. What is the remainder when 11 is divided by w?
2
Suppose -20 = 4*h + h. Let r = -6 - h. What is the remainder when 6/r + 2 + 29 is divided by 10?
8
Suppose -2*w - 16 = 3*y - 7*y, 0 = -3*y - 2*w - 2. Let c(b) = -2 + y*b**3 + 6*b - 5*b + 3. Calculate the remainder when 56 is divided by c(2).
18
Let g = 18 - 11. Let d = g + 4. What is the remainder when 42 is divided by d?
9
Suppose s = -5*g + 1459, 2*g - 566 = 3*s + s. What is the remainder when 55 is divided by g/15 + (-4)/10?
17
Suppose 4*w = -w - 250. Let i = -3 - w. Let y(x) = -6*x - 2. What is the remainder when i is divided by y(-3)?
15
Let m(n) = 4*n**2 + 2*n - 1. Suppose -25 = -2*c - 5*k, 2*c = 7*c - 2*k - 48. Calculate the remainder when m(-3) is divided by c.
9
Suppose 6*r + 26 = 7*r. What is the remainder when 100 is divided by r?
22
Suppose 2*l - l - 16 = 0. Suppose 0*i + 3*p = -i - 10, 4*p + l = 0. What is the remainder when 5 is divided by i?
1
Let i(q) = q**3 - 6*q**2 - 13*q + 19. Calculate the remainder when i(8) is divided by 12.
7
Calculate the remainder when (-3624)/(-60) - (-2)/(-5) is divided by 17.
9
Let g be 2/(-5) - (-10)/25. Suppose -2*u + 22 = -g*u. Calculate the remainder when 32 is divided by u.
10
Let h(p) = 14*p - 3. Let c(l) = -15*l + 4. Let q(g) = 3*c(g) + 4*h(g). Let i be q(3). Suppose -i = -4*a + 15. Calculate the remainder when 34 is divided by a.
10
Let w(k) = k + 1. Let o be w(-4). Let y = 8 + o. Suppose -2*i - 34 = -y*p, 4*i - 1 - 9 = -3*p. What is the remainder when 11 is divided by p?
5
Let q be (-3)/(-9)*3 + 3. Suppose -2*g + g = -7. Calculate the remainder when (q - 1)/(3/20) is divided by g.
6
Let z(y) = -y**2 - 17*y - 35. Calculate the remainder when z(-14) is divided by 3.
1
Let n = -217 + 257. Let j(g) = -13*g + 1. What is the remainder when n is divided by j(-1)?
12
Calculate the remainder when 10/5 - (1 - -4) - -6 is divided by 2*(3 + -1) + -1.
0
Suppose 0*a - 50 = -4*a + 3*y, 18 = a + 2*y. Let u = -49 - -19. What is the remainder when (-204)/(-5) + (-6)/u is divided by a?
13
Let k(m) = -m**2 - 2*m + 17. Calculate the remainder when 32 is divided by k(0).
15
Suppose -5*d = -3*d - 18. Calculate the remainder when 25 is divided by d.
7
Suppose -2*x + 14 - 4 = 0. Suppose -154 = -x*s + 81. Calculate the remainder when s is divided by 16.
15
Suppose 0 = 2*m + 11 - 1. Calculate the remainder when 102 is divided by (m + 1)*117/(-18).
24
Suppose -2*z - 151 = -481. Suppose 5*v = -0*v + z. Suppose 2*b - 23 = v. What is the remainder when b is divided by 15?
13
Let b = 10 - 46. Let v = 26 - b. Calculate the remainder when v is divided by 21.
20
Let j = 40 + -27. What is the remainder when 23 is divided by j?
10
Let l be 2/(2/(-19) - 0). Let d = l + 46. Calculate the remainder when d is divided by 14.
13
Suppose 3*q + 4 - 16 = 0. What is the remainder when 60/8*(4 + -2) is divided by q?
3
What is the remainder when (-2)/(-11) + (-1866)/(-22) is divided by 22?
19
Suppose 5 = 4*d + 5*w - 17, -14 = -3*d - 5*w. Suppose 2*q + 3*p + 2 = 0, 0*p - 2*p + 12 = 4*q. Let s = q + -2. Calculate the remainder when d is divided by s.
2
What is the remainder when 22 is divided by (-2)/(-11) + 650/55?
10
Suppose -12 - 13 = -5*v. What is the remainder when 8 is divided by v?
3
Let l(c) be the third derivative of -c**6/120 - c**5/60 + 3*c**3/2 - 3*c**2. Suppose x - 4*x = 0. Calculate the remainder when 16 is divided by l(x).
7
Suppose -3*c + 2*h + 76 = -0*c, 4*c + 5*h = 63. What is the remainder when c is divided by 12?
10
What is the remainder when (-141)/(-4) + (-2)/8 is divided by (-5)/(25/12)*-5?
11
Suppose 4*h - 283 = 117. Suppose 2*w - h = 5*t, 3*w - t + 3*t - 150 = 0. What is the remainder when w is divided by 13?
11
Let l be 5 - (3 + -1 + 0). Suppose -3*v + 0*v - l*c + 186 = 0, -322 = -5*v + c. What is the remainder when v is divided by 22?
20
Let u(t) be the third derivative of -t**6/120 - t**5/30 - t**4/8 + t**3/6 - 4*t**2. What is the remainder when u(-4) is divided by 12?
9
Let p = 134 - 33. What is the remainder when p is divided by 35?
31
What is the remainder when 31 is divided by (13 + -24)*-1